
{"id":25428,"date":"2020-12-22T06:07:28","date_gmt":"2020-12-22T06:07:28","guid":{"rendered":"https:\/\/aromasysabores.net\/tienda\/producto\/semillas-de-zapallo-granel\/"},"modified":"2026-04-18T14:14:40","modified_gmt":"2026-04-18T14:14:40","slug":"semilla-de-zapallo","status":"publish","type":"product","link":"https:\/\/aromasysabores.net\/tienda\/producto\/semilla-de-zapallo\/","title":{"rendered":"SEMILLA DE ZAPALLO"},"content":{"rendered":"<h1>Los beneficios de las semillas del zapallo<\/h1>\n<p>Pueden ayudar al sistema card\u00edaco, el h\u00edgado y al inmunol\u00f3gico, combatiendo la diabetes y el c\u00e1ncer. Adem\u00e1s, ofrecen ventajas \u00fanicas para la salud de la pr\u00f3stata y tambi\u00e9n alivia los s\u00edntomas de la menopausia en las mujeres.<\/p>\n<ul>\n<li>Magnesio Apoyo para la Salud Cardiaca<\/li>\n<li>Zinc para el Apoyo Inmunol\u00f3gico<\/li>\n<li>Grasas de Omega-3 de Origen Vegetal<\/li>\n<li>Salud de la Pr\u00f3stata<\/li>\n<li>Beneficios para las Mujeres Postmenop\u00e1usicas<\/li>\n<\/ul>\n<p>Las semillas de calabaza son una potencia nutricional envuelta en un paquete muy peque\u00f1o, con una amplia variedad de nutrientes desde magnesio y manganeso hasta el cobre, prote\u00ednas y zinc.<\/p>\n<h2>Magnesio Apoyo para la Salud Card\u00edaca<\/h2>\n<p>Un cuarto de taza de semillas de calabaza contiene casi la mitad de la cantidad diaria recomendada de magnesio, que participa en una amplia gama de funciones fisiol\u00f3gicas de vital importancia, incluyendo la creaci\u00f3n de ATP (trifosfato de adenosina, las mol\u00e9culas de energ\u00eda en su cuerpo), la s\u00edntesis de ARN y el ADN, el bombeo de su coraz\u00f3n, la formaci\u00f3n adecuada de los dientes y los huesos, la relajaci\u00f3n de los vasos sangu\u00edneos y la funci\u00f3n apropiada del intestino.<\/p>\n<h2>Zinc para el Apoyo Inmunol\u00f3gico<\/h2>\n<p>Las semillas de calabaza son una rica fuente de zinc (una onza contiene m\u00e1s de 2 mg de este mineral ben\u00e9fico), que es importante para la inmunidad, el crecimiento y la divisi\u00f3n celular, el sue\u00f1o, el humor, los sentidos del gusto y del olfato, los ojos y la salud de la piel, la regulaci\u00f3n de la insulina y la funci\u00f3n sexual masculina.<\/p>\n<h2>Grasas de Omega-3 de Origen Vegetal<\/h2>\n<p>Las nueces y semillas crudas, incluyendo las semillas de calabaza, son una de las mejores fuentes de omega-3 de origen vegetal (\u00e1cido alfa-linol\u00e9nico o ALA). Todos necesitamos ALA, sin embargo, el ALA tiene que ser convertido por el cuerpo en grasas esenciales de omega-3 EPA y DHA &#8211; por una enzima que la gran mayor\u00eda de nosotros hemos deteriorado debido a los niveles altos de insulina. As\u00ed que, mientras que las semillas de calabaza son una excelente fuente de ALA, creo que ser\u00eda esencial obtener algunas grasas de omega-3 de origen animal, as\u00ed como tambi\u00e9n del aceite de kril.<\/p>\n<h2>Salud de la Pr\u00f3stata<\/h2>\n<p>Durante mucho tiempo, las semillas de calabaza han sido apreciadas como un importante alimento natural para la salud del hombre. Parte de esto se debe a su alto contenido de zinc, que es importante para la salud de la pr\u00f3stata (encontrado en concentraciones muy altas en el cuerpo), y tambi\u00e9n porque los extractos y aceites de semillas de calabaza pueden jugar un papel en el tratamiento de la hiperplasia prost\u00e1tica benigna (HPB, o agrandamiento de la pr\u00f3stata). La investigaci\u00f3n sugiere que tanto las semillas de calabaza como el aceite de semilla de calabaza utilizado en combinaci\u00f3n con la palma enana americana (Saw Palmetto) pueden ser particularmente ben\u00e9ficos para apoyar la salud de la pr\u00f3stata.<\/p>\n<h2>Efectos Contra la Diabetes<\/h2>\n<p>Estudios animales sugieren que las semillas de calabaza pueden ayudar a mejorar la regulaci\u00f3n de la insulina y ayuda a prevenir las complicaciones de diabetes al disminuir el estr\u00e9s oxidativo.<\/p>\n<h2>Beneficios para las Mujeres Postmenop\u00e1usicas<\/h2>\n<p>El aceite de semilla de calabaza es un fitoestrogeno natural y estudios sugieren que podr\u00eda conducir a un aumento significativo del colesterol bueno \u00abHDL\u00bb as\u00ed como disminuci\u00f3n de la presi\u00f3n arterial, bochornos, dolores de cabeza, dolor articular y otros s\u00edntomas menop\u00e1usicos en las mujeres postmenop\u00e1usicas.<\/p>\n<h2>Salud para el H\u00edgado y el Coraz\u00f3n<\/h2>\n<p>Las semillas de calabaza ricas en grasas saludables, antioxidantes y fibras, podr\u00edan proporcionan beneficios para la salud del h\u00edgado y del coraz\u00f3n, especialmente cuando se combinan con las semillas de lino.<\/p>\n<h2>Tript\u00f3fano para un Sue\u00f1o Reparador<\/h2>\n<p>Las semillas de calabaza son una fuente rica de tript\u00f3fano, un amino\u00e1cido (bloque de construcci\u00f3n de las prote\u00ednas) que su cuerpo convierte en serotonina, que a la vez se convierte en melatonina, \u00abhormona del sue\u00f1o\u00bb. Comer semillas de calabaza pocas horas antes de ir a la cama, junto con un carbohidrato en la forma de una fruta peque\u00f1a, podr\u00edan ser especialmente ben\u00e9ficas para proporcionarle a su cuerpo el tript\u00f3fano necesario para la producci\u00f3n de melatonina y serotonina con el fin de promover un sue\u00f1o reparador.<\/p>\n<h2>Beneficios Antiinflamatorios<\/h2>\n<p>Se ha descubierto que el aceite de la semilla de calabaza exhibe efectos antiinflamatorios. Incluso un estudio animal descubri\u00f3 que funciona similar al medicamento antiinflamatorio indometacina para tratar la artritis, pero sin los efectos secundarios.<\/p>\n","protected":false},"excerpt":{"rendered":"<p>1. Ayudan en el tratamiento contra la osteoporosis, debido a su alto contenido de zinc, el cual ayuda a retrasar el deterioro de la densidad mineral \u00f3sea.<br \/>\n2. Ayudan a las personas con artritis, reduciendo la inflamaci\u00f3n.<br \/>\n3. Favorecen la salud de la pr\u00f3stata.<br \/>\n4. Disminuyen el riesgo de padecer c\u00e1lculos renales.<br \/>\n5. Ayudan a reducir los niveles de colesterol malo, gracias a su contenido de \u201cfitosteroles\u201d.<br \/>\n6. Brindan protecci\u00f3n contra ciertos tipos de c\u00e1nceres.<br \/>\n7. Funcionan como un potente antidepresivo, pues contienen L-tript\u00f3fano, un compuesto antidepresivo natural.<br \/>\n8. Favorecen la producci\u00f3n de las hormonas del sue\u00f1o \u2014serotonina\u2014.<br \/>\n9. Combaten los par\u00e1sitos intestinales.<br \/>\n10. Son \u00fatiles en el tratamiento del s\u00edndrome de intestino irritable.<\/p>\n","protected":false},"featured_media":29369,"template":"","meta":{"_joinchat":[]},"product_brand":[],"product_cat":[162],"product_tag":[],"class_list":{"0":"post-25428","1":"product","2":"type-product","3":"status-publish","4":"has-post-thumbnail","6":"product_cat-granos-semillas-y-legumbres-a-granel","8":"first","9":"instock","10":"purchasable","11":"product-type-simple"},"yoast_head":"<!-- This site is optimized with the Yoast SEO plugin v26.7 - https:\/\/yoast.com\/wordpress\/plugins\/seo\/ -->\n<title>SEMILLA DE ZAPALLO - Aromas &amp; Sabores Naturales<\/title>\n<meta name=\"robots\" content=\"index, follow, max-snippet:-1, max-image-preview:large, max-video-preview:-1\" \/>\n<link rel=\"canonical\" href=\"https:\/\/aromasysabores.net\/tienda\/producto\/semilla-de-zapallo\/\" \/>\n<meta property=\"og:locale\" content=\"es_ES\" \/>\n<meta property=\"og:type\" content=\"article\" \/>\n<meta property=\"og:title\" content=\"SEMILLA DE ZAPALLO - Aromas &amp; Sabores Naturales\" \/>\n<meta property=\"og:description\" content=\"1. Ayudan en el tratamiento contra la osteoporosis, debido a su alto contenido de zinc, el cual ayuda a retrasar el deterioro de la densidad mineral \u00f3sea. 2. Ayudan a las personas con artritis, reduciendo la inflamaci\u00f3n. 3. Favorecen la salud de la pr\u00f3stata. 4. Disminuyen el riesgo de padecer c\u00e1lculos renales. 5. Ayudan a reducir los niveles de colesterol malo, gracias a su contenido de \u201cfitosteroles\u201d. 6. Brindan protecci\u00f3n contra ciertos tipos de c\u00e1nceres. 7. Funcionan como un potente antidepresivo, pues contienen L-tript\u00f3fano, un compuesto antidepresivo natural. 8. Favorecen la producci\u00f3n de las hormonas del sue\u00f1o \u2014serotonina\u2014. 9. Combaten los par\u00e1sitos intestinales. 10. Son \u00fatiles en el tratamiento del s\u00edndrome de intestino irritable.\" \/>\n<meta property=\"og:url\" content=\"https:\/\/aromasysabores.net\/tienda\/producto\/semilla-de-zapallo\/\" \/>\n<meta property=\"og:site_name\" content=\"Aromas &amp; Sabores Naturales\" \/>\n<meta property=\"article:modified_time\" content=\"2026-04-18T14:14:40+00:00\" \/>\n<meta property=\"og:image\" content=\"https:\/\/aromasysabores.net\/tienda\/wp-content\/uploads\/2020\/12\/semillasdezapallo.jpg\" \/>\n\t<meta property=\"og:image:width\" content=\"600\" \/>\n\t<meta property=\"og:image:height\" content=\"600\" \/>\n\t<meta property=\"og:image:type\" content=\"image\/jpeg\" \/>\n<meta name=\"twitter:card\" content=\"summary_large_image\" \/>\n<meta name=\"twitter:label1\" content=\"Tiempo de lectura\" \/>\n\t<meta name=\"twitter:data1\" content=\"4 minutos\" \/>\n<script type=\"application\/ld+json\" class=\"yoast-schema-graph\">{\"@context\":\"https:\/\/schema.org\",\"@graph\":[{\"@type\":\"WebPage\",\"@id\":\"https:\/\/aromasysabores.net\/tienda\/producto\/semilla-de-zapallo\/\",\"url\":\"https:\/\/aromasysabores.net\/tienda\/producto\/semilla-de-zapallo\/\",\"name\":\"SEMILLA DE ZAPALLO - Aromas &amp; Sabores Naturales\",\"isPartOf\":{\"@id\":\"https:\/\/aromasysabores.net\/tienda\/#website\"},\"primaryImageOfPage\":{\"@id\":\"https:\/\/aromasysabores.net\/tienda\/producto\/semilla-de-zapallo\/#primaryimage\"},\"image\":{\"@id\":\"https:\/\/aromasysabores.net\/tienda\/producto\/semilla-de-zapallo\/#primaryimage\"},\"thumbnailUrl\":\"https:\/\/aromasysabores.net\/tienda\/wp-content\/uploads\/2020\/12\/semillasdezapallo.jpg\",\"datePublished\":\"2020-12-22T06:07:28+00:00\",\"dateModified\":\"2026-04-18T14:14:40+00:00\",\"breadcrumb\":{\"@id\":\"https:\/\/aromasysabores.net\/tienda\/producto\/semilla-de-zapallo\/#breadcrumb\"},\"inLanguage\":\"es\",\"potentialAction\":[{\"@type\":\"ReadAction\",\"target\":[\"https:\/\/aromasysabores.net\/tienda\/producto\/semilla-de-zapallo\/\"]}]},{\"@type\":\"ImageObject\",\"inLanguage\":\"es\",\"@id\":\"https:\/\/aromasysabores.net\/tienda\/producto\/semilla-de-zapallo\/#primaryimage\",\"url\":\"https:\/\/aromasysabores.net\/tienda\/wp-content\/uploads\/2020\/12\/semillasdezapallo.jpg\",\"contentUrl\":\"https:\/\/aromasysabores.net\/tienda\/wp-content\/uploads\/2020\/12\/semillasdezapallo.jpg\",\"width\":600,\"height\":600},{\"@type\":\"BreadcrumbList\",\"@id\":\"https:\/\/aromasysabores.net\/tienda\/producto\/semilla-de-zapallo\/#breadcrumb\",\"itemListElement\":[{\"@type\":\"ListItem\",\"position\":1,\"name\":\"Portada\",\"item\":\"https:\/\/aromasysabores.net\/tienda\/\"},{\"@type\":\"ListItem\",\"position\":2,\"name\":\"Tienda Natural\",\"item\":\"https:\/\/aromasysabores.net\/tienda\/\"},{\"@type\":\"ListItem\",\"position\":3,\"name\":\"SEMILLA DE ZAPALLO\"}]},{\"@type\":\"WebSite\",\"@id\":\"https:\/\/aromasysabores.net\/tienda\/#website\",\"url\":\"https:\/\/aromasysabores.net\/tienda\/\",\"name\":\"Aromas &amp; Sabores Naturales\",\"description\":\"Tienda online natural\",\"potentialAction\":[{\"@type\":\"SearchAction\",\"target\":{\"@type\":\"EntryPoint\",\"urlTemplate\":\"https:\/\/aromasysabores.net\/tienda\/?s={search_term_string}\"},\"query-input\":{\"@type\":\"PropertyValueSpecification\",\"valueRequired\":true,\"valueName\":\"search_term_string\"}}],\"inLanguage\":\"es\"}]}<\/script>\n<!-- \/ Yoast SEO plugin. -->","yoast_head_json":{"title":"SEMILLA DE ZAPALLO - Aromas &amp; Sabores Naturales","robots":{"index":"index","follow":"follow","max-snippet":"max-snippet:-1","max-image-preview":"max-image-preview:large","max-video-preview":"max-video-preview:-1"},"canonical":"https:\/\/aromasysabores.net\/tienda\/producto\/semilla-de-zapallo\/","og_locale":"es_ES","og_type":"article","og_title":"SEMILLA DE ZAPALLO - Aromas &amp; Sabores Naturales","og_description":"1. Ayudan en el tratamiento contra la osteoporosis, debido a su alto contenido de zinc, el cual ayuda a retrasar el deterioro de la densidad mineral \u00f3sea. 2. Ayudan a las personas con artritis, reduciendo la inflamaci\u00f3n. 3. Favorecen la salud de la pr\u00f3stata. 4. Disminuyen el riesgo de padecer c\u00e1lculos renales. 5. Ayudan a reducir los niveles de colesterol malo, gracias a su contenido de \u201cfitosteroles\u201d. 6. Brindan protecci\u00f3n contra ciertos tipos de c\u00e1nceres. 7. Funcionan como un potente antidepresivo, pues contienen L-tript\u00f3fano, un compuesto antidepresivo natural. 8. Favorecen la producci\u00f3n de las hormonas del sue\u00f1o \u2014serotonina\u2014. 9. Combaten los par\u00e1sitos intestinales. 10. Son \u00fatiles en el tratamiento del s\u00edndrome de intestino irritable.","og_url":"https:\/\/aromasysabores.net\/tienda\/producto\/semilla-de-zapallo\/","og_site_name":"Aromas &amp; Sabores Naturales","article_modified_time":"2026-04-18T14:14:40+00:00","og_image":[{"width":600,"height":600,"url":"https:\/\/aromasysabores.net\/tienda\/wp-content\/uploads\/2020\/12\/semillasdezapallo.jpg","type":"image\/jpeg"}],"twitter_card":"summary_large_image","twitter_misc":{"Tiempo de lectura":"4 minutos"},"schema":{"@context":"https:\/\/schema.org","@graph":[{"@type":"WebPage","@id":"https:\/\/aromasysabores.net\/tienda\/producto\/semilla-de-zapallo\/","url":"https:\/\/aromasysabores.net\/tienda\/producto\/semilla-de-zapallo\/","name":"SEMILLA DE ZAPALLO - Aromas &amp; Sabores Naturales","isPartOf":{"@id":"https:\/\/aromasysabores.net\/tienda\/#website"},"primaryImageOfPage":{"@id":"https:\/\/aromasysabores.net\/tienda\/producto\/semilla-de-zapallo\/#primaryimage"},"image":{"@id":"https:\/\/aromasysabores.net\/tienda\/producto\/semilla-de-zapallo\/#primaryimage"},"thumbnailUrl":"https:\/\/aromasysabores.net\/tienda\/wp-content\/uploads\/2020\/12\/semillasdezapallo.jpg","datePublished":"2020-12-22T06:07:28+00:00","dateModified":"2026-04-18T14:14:40+00:00","breadcrumb":{"@id":"https:\/\/aromasysabores.net\/tienda\/producto\/semilla-de-zapallo\/#breadcrumb"},"inLanguage":"es","potentialAction":[{"@type":"ReadAction","target":["https:\/\/aromasysabores.net\/tienda\/producto\/semilla-de-zapallo\/"]}]},{"@type":"ImageObject","inLanguage":"es","@id":"https:\/\/aromasysabores.net\/tienda\/producto\/semilla-de-zapallo\/#primaryimage","url":"https:\/\/aromasysabores.net\/tienda\/wp-content\/uploads\/2020\/12\/semillasdezapallo.jpg","contentUrl":"https:\/\/aromasysabores.net\/tienda\/wp-content\/uploads\/2020\/12\/semillasdezapallo.jpg","width":600,"height":600},{"@type":"BreadcrumbList","@id":"https:\/\/aromasysabores.net\/tienda\/producto\/semilla-de-zapallo\/#breadcrumb","itemListElement":[{"@type":"ListItem","position":1,"name":"Portada","item":"https:\/\/aromasysabores.net\/tienda\/"},{"@type":"ListItem","position":2,"name":"Tienda Natural","item":"https:\/\/aromasysabores.net\/tienda\/"},{"@type":"ListItem","position":3,"name":"SEMILLA DE ZAPALLO"}]},{"@type":"WebSite","@id":"https:\/\/aromasysabores.net\/tienda\/#website","url":"https:\/\/aromasysabores.net\/tienda\/","name":"Aromas &amp; Sabores Naturales","description":"Tienda online natural","potentialAction":[{"@type":"SearchAction","target":{"@type":"EntryPoint","urlTemplate":"https:\/\/aromasysabores.net\/tienda\/?s={search_term_string}"},"query-input":{"@type":"PropertyValueSpecification","valueRequired":true,"valueName":"search_term_string"}}],"inLanguage":"es"}]}},"_links":{"self":[{"href":"https:\/\/aromasysabores.net\/tienda\/wp-json\/wp\/v2\/product\/25428","targetHints":{"allow":["GET"]}}],"collection":[{"href":"https:\/\/aromasysabores.net\/tienda\/wp-json\/wp\/v2\/product"}],"about":[{"href":"https:\/\/aromasysabores.net\/tienda\/wp-json\/wp\/v2\/types\/product"}],"wp:featuredmedia":[{"embeddable":true,"href":"https:\/\/aromasysabores.net\/tienda\/wp-json\/wp\/v2\/media\/29369"}],"wp:attachment":[{"href":"https:\/\/aromasysabores.net\/tienda\/wp-json\/wp\/v2\/media?parent=25428"}],"wp:term":[{"taxonomy":"product_brand","embeddable":true,"href":"https:\/\/aromasysabores.net\/tienda\/wp-json\/wp\/v2\/product_brand?post=25428"},{"taxonomy":"product_cat","embeddable":true,"href":"https:\/\/aromasysabores.net\/tienda\/wp-json\/wp\/v2\/product_cat?post=25428"},{"taxonomy":"product_tag","embeddable":true,"href":"https:\/\/aromasysabores.net\/tienda\/wp-json\/wp\/v2\/product_tag?post=25428"}],"curies":[{"name":"wp","href":"https:\/\/api.w.org\/{rel}","templated":true}]}}