
{"id":25761,"date":"2020-12-22T05:55:55","date_gmt":"2020-12-22T05:55:55","guid":{"rendered":"https:\/\/aromasysabores.net\/tienda\/producto\/botica-te-negro-x-25\/"},"modified":"2026-04-18T14:09:46","modified_gmt":"2026-04-18T14:09:46","slug":"botica-te-negro-25-sobres","status":"publish","type":"product","link":"https:\/\/aromasysabores.net\/tienda\/producto\/botica-te-negro-25-sobres\/","title":{"rendered":"BOTICA TE NEGRO 25 SOBRES"},"content":{"rendered":"<p>El t\u00e9 negro ayuda a la relajaci\u00f3n de vasos sangu\u00edneos, debido a su contenido en flavonoides, ayudando a prevenir la oxidaci\u00f3n del colesterol bueno.<\/p>\n<p>El t\u00e9 negro generalmente posee un aroma m\u00e1s fuerte y contiene m\u00e1s cafe\u00edna que otros t\u00e9s con menores niveles de oxidaci\u00f3n. Este t\u00e9 pasa por un proceso de elaboraci\u00f3n que consta de un total de cuatro etapas: marchitamiento, enrollado, fermentaci\u00f3n y finalmente secado.<\/p>\n<p>Su caracter\u00edstica nutricional m\u00e1s destacada es que cuenta con un \u00edndice de te\u00edna m\u00e1s elevado que el resto de los t\u00e9s, es muy rico en minerales, tales como el cinc, calcio, cromo, magnesio, manganeso, hierro, potasio, f\u00f3sforo, fl\u00faor. Facilita la no oxidaci\u00f3n del colesterol HDL (bueno), dificultando con ello la formaci\u00f3n de placas de ateroma, claros responsables de la gran mayor\u00eda de accidentes cardiovasculares.<\/p>\n","protected":false},"excerpt":{"rendered":"<p><strong>Presentaci\u00f3n<\/strong>: Cajas de 25 saquitos de t\u00e9.<\/p>\n<p><strong>Infusi\u00f3n<\/strong>: 1 sobre por taza de 250 ml agregar agua hirviendo.<\/p>\n<p>Dejar reposar 5 minutos.<\/p>\n","protected":false},"featured_media":30114,"template":"","meta":{"_joinchat":[]},"product_brand":[],"product_cat":[154],"product_tag":[],"class_list":{"0":"post-25761","1":"product","2":"type-product","3":"status-publish","4":"has-post-thumbnail","6":"product_cat-hierbas-bolsa","8":"first","9":"outofstock","10":"purchasable","11":"product-type-simple"},"yoast_head":"<!-- This site is optimized with the Yoast SEO plugin v26.7 - https:\/\/yoast.com\/wordpress\/plugins\/seo\/ -->\n<title>BOTICA TE NEGRO 25 SOBRES - Aromas &amp; Sabores Naturales<\/title>\n<meta name=\"robots\" content=\"index, follow, max-snippet:-1, max-image-preview:large, max-video-preview:-1\" \/>\n<link rel=\"canonical\" href=\"https:\/\/aromasysabores.net\/tienda\/producto\/botica-te-negro-25-sobres\/\" \/>\n<meta property=\"og:locale\" content=\"es_ES\" \/>\n<meta property=\"og:type\" content=\"article\" \/>\n<meta property=\"og:title\" content=\"BOTICA TE NEGRO 25 SOBRES - Aromas &amp; Sabores Naturales\" \/>\n<meta property=\"og:description\" content=\"Presentaci\u00f3n: Cajas de 25 saquitos de t\u00e9.  Infusi\u00f3n: 1 sobre por taza de 250 ml agregar agua hirviendo.  Dejar reposar 5 minutos.\" \/>\n<meta property=\"og:url\" content=\"https:\/\/aromasysabores.net\/tienda\/producto\/botica-te-negro-25-sobres\/\" \/>\n<meta property=\"og:site_name\" content=\"Aromas &amp; Sabores Naturales\" \/>\n<meta property=\"article:modified_time\" content=\"2026-04-18T14:09:46+00:00\" \/>\n<meta property=\"og:image\" content=\"https:\/\/aromasysabores.net\/tienda\/wp-content\/uploads\/2020\/12\/BOTICA-TE-NEGRO-25-SOBRES.jpg\" \/>\n\t<meta property=\"og:image:width\" content=\"1792\" \/>\n\t<meta property=\"og:image:height\" content=\"1552\" \/>\n\t<meta property=\"og:image:type\" content=\"image\/jpeg\" \/>\n<meta name=\"twitter:card\" content=\"summary_large_image\" \/>\n<meta name=\"twitter:label1\" content=\"Tiempo de lectura\" \/>\n\t<meta name=\"twitter:data1\" content=\"1 minuto\" \/>\n<script type=\"application\/ld+json\" class=\"yoast-schema-graph\">{\"@context\":\"https:\/\/schema.org\",\"@graph\":[{\"@type\":\"WebPage\",\"@id\":\"https:\/\/aromasysabores.net\/tienda\/producto\/botica-te-negro-25-sobres\/\",\"url\":\"https:\/\/aromasysabores.net\/tienda\/producto\/botica-te-negro-25-sobres\/\",\"name\":\"BOTICA TE NEGRO 25 SOBRES - Aromas &amp; Sabores Naturales\",\"isPartOf\":{\"@id\":\"https:\/\/aromasysabores.net\/tienda\/#website\"},\"primaryImageOfPage\":{\"@id\":\"https:\/\/aromasysabores.net\/tienda\/producto\/botica-te-negro-25-sobres\/#primaryimage\"},\"image\":{\"@id\":\"https:\/\/aromasysabores.net\/tienda\/producto\/botica-te-negro-25-sobres\/#primaryimage\"},\"thumbnailUrl\":\"https:\/\/aromasysabores.net\/tienda\/wp-content\/uploads\/2020\/12\/BOTICA-TE-NEGRO-25-SOBRES.jpg\",\"datePublished\":\"2020-12-22T05:55:55+00:00\",\"dateModified\":\"2026-04-18T14:09:46+00:00\",\"breadcrumb\":{\"@id\":\"https:\/\/aromasysabores.net\/tienda\/producto\/botica-te-negro-25-sobres\/#breadcrumb\"},\"inLanguage\":\"es\",\"potentialAction\":[{\"@type\":\"ReadAction\",\"target\":[\"https:\/\/aromasysabores.net\/tienda\/producto\/botica-te-negro-25-sobres\/\"]}]},{\"@type\":\"ImageObject\",\"inLanguage\":\"es\",\"@id\":\"https:\/\/aromasysabores.net\/tienda\/producto\/botica-te-negro-25-sobres\/#primaryimage\",\"url\":\"https:\/\/aromasysabores.net\/tienda\/wp-content\/uploads\/2020\/12\/BOTICA-TE-NEGRO-25-SOBRES.jpg\",\"contentUrl\":\"https:\/\/aromasysabores.net\/tienda\/wp-content\/uploads\/2020\/12\/BOTICA-TE-NEGRO-25-SOBRES.jpg\",\"width\":1792,\"height\":1552},{\"@type\":\"BreadcrumbList\",\"@id\":\"https:\/\/aromasysabores.net\/tienda\/producto\/botica-te-negro-25-sobres\/#breadcrumb\",\"itemListElement\":[{\"@type\":\"ListItem\",\"position\":1,\"name\":\"Portada\",\"item\":\"https:\/\/aromasysabores.net\/tienda\/\"},{\"@type\":\"ListItem\",\"position\":2,\"name\":\"Tienda Natural\",\"item\":\"https:\/\/aromasysabores.net\/tienda\/\"},{\"@type\":\"ListItem\",\"position\":3,\"name\":\"BOTICA TE NEGRO 25 SOBRES\"}]},{\"@type\":\"WebSite\",\"@id\":\"https:\/\/aromasysabores.net\/tienda\/#website\",\"url\":\"https:\/\/aromasysabores.net\/tienda\/\",\"name\":\"Aromas &amp; Sabores Naturales\",\"description\":\"Tienda online natural\",\"potentialAction\":[{\"@type\":\"SearchAction\",\"target\":{\"@type\":\"EntryPoint\",\"urlTemplate\":\"https:\/\/aromasysabores.net\/tienda\/?s={search_term_string}\"},\"query-input\":{\"@type\":\"PropertyValueSpecification\",\"valueRequired\":true,\"valueName\":\"search_term_string\"}}],\"inLanguage\":\"es\"}]}<\/script>\n<!-- \/ Yoast SEO plugin. -->","yoast_head_json":{"title":"BOTICA TE NEGRO 25 SOBRES - Aromas &amp; Sabores Naturales","robots":{"index":"index","follow":"follow","max-snippet":"max-snippet:-1","max-image-preview":"max-image-preview:large","max-video-preview":"max-video-preview:-1"},"canonical":"https:\/\/aromasysabores.net\/tienda\/producto\/botica-te-negro-25-sobres\/","og_locale":"es_ES","og_type":"article","og_title":"BOTICA TE NEGRO 25 SOBRES - Aromas &amp; Sabores Naturales","og_description":"Presentaci\u00f3n: Cajas de 25 saquitos de t\u00e9.  Infusi\u00f3n: 1 sobre por taza de 250 ml agregar agua hirviendo.  Dejar reposar 5 minutos.","og_url":"https:\/\/aromasysabores.net\/tienda\/producto\/botica-te-negro-25-sobres\/","og_site_name":"Aromas &amp; Sabores Naturales","article_modified_time":"2026-04-18T14:09:46+00:00","og_image":[{"width":1792,"height":1552,"url":"https:\/\/aromasysabores.net\/tienda\/wp-content\/uploads\/2020\/12\/BOTICA-TE-NEGRO-25-SOBRES.jpg","type":"image\/jpeg"}],"twitter_card":"summary_large_image","twitter_misc":{"Tiempo de lectura":"1 minuto"},"schema":{"@context":"https:\/\/schema.org","@graph":[{"@type":"WebPage","@id":"https:\/\/aromasysabores.net\/tienda\/producto\/botica-te-negro-25-sobres\/","url":"https:\/\/aromasysabores.net\/tienda\/producto\/botica-te-negro-25-sobres\/","name":"BOTICA TE NEGRO 25 SOBRES - Aromas &amp; Sabores Naturales","isPartOf":{"@id":"https:\/\/aromasysabores.net\/tienda\/#website"},"primaryImageOfPage":{"@id":"https:\/\/aromasysabores.net\/tienda\/producto\/botica-te-negro-25-sobres\/#primaryimage"},"image":{"@id":"https:\/\/aromasysabores.net\/tienda\/producto\/botica-te-negro-25-sobres\/#primaryimage"},"thumbnailUrl":"https:\/\/aromasysabores.net\/tienda\/wp-content\/uploads\/2020\/12\/BOTICA-TE-NEGRO-25-SOBRES.jpg","datePublished":"2020-12-22T05:55:55+00:00","dateModified":"2026-04-18T14:09:46+00:00","breadcrumb":{"@id":"https:\/\/aromasysabores.net\/tienda\/producto\/botica-te-negro-25-sobres\/#breadcrumb"},"inLanguage":"es","potentialAction":[{"@type":"ReadAction","target":["https:\/\/aromasysabores.net\/tienda\/producto\/botica-te-negro-25-sobres\/"]}]},{"@type":"ImageObject","inLanguage":"es","@id":"https:\/\/aromasysabores.net\/tienda\/producto\/botica-te-negro-25-sobres\/#primaryimage","url":"https:\/\/aromasysabores.net\/tienda\/wp-content\/uploads\/2020\/12\/BOTICA-TE-NEGRO-25-SOBRES.jpg","contentUrl":"https:\/\/aromasysabores.net\/tienda\/wp-content\/uploads\/2020\/12\/BOTICA-TE-NEGRO-25-SOBRES.jpg","width":1792,"height":1552},{"@type":"BreadcrumbList","@id":"https:\/\/aromasysabores.net\/tienda\/producto\/botica-te-negro-25-sobres\/#breadcrumb","itemListElement":[{"@type":"ListItem","position":1,"name":"Portada","item":"https:\/\/aromasysabores.net\/tienda\/"},{"@type":"ListItem","position":2,"name":"Tienda Natural","item":"https:\/\/aromasysabores.net\/tienda\/"},{"@type":"ListItem","position":3,"name":"BOTICA TE NEGRO 25 SOBRES"}]},{"@type":"WebSite","@id":"https:\/\/aromasysabores.net\/tienda\/#website","url":"https:\/\/aromasysabores.net\/tienda\/","name":"Aromas &amp; Sabores Naturales","description":"Tienda online natural","potentialAction":[{"@type":"SearchAction","target":{"@type":"EntryPoint","urlTemplate":"https:\/\/aromasysabores.net\/tienda\/?s={search_term_string}"},"query-input":{"@type":"PropertyValueSpecification","valueRequired":true,"valueName":"search_term_string"}}],"inLanguage":"es"}]}},"_links":{"self":[{"href":"https:\/\/aromasysabores.net\/tienda\/wp-json\/wp\/v2\/product\/25761","targetHints":{"allow":["GET"]}}],"collection":[{"href":"https:\/\/aromasysabores.net\/tienda\/wp-json\/wp\/v2\/product"}],"about":[{"href":"https:\/\/aromasysabores.net\/tienda\/wp-json\/wp\/v2\/types\/product"}],"wp:featuredmedia":[{"embeddable":true,"href":"https:\/\/aromasysabores.net\/tienda\/wp-json\/wp\/v2\/media\/30114"}],"wp:attachment":[{"href":"https:\/\/aromasysabores.net\/tienda\/wp-json\/wp\/v2\/media?parent=25761"}],"wp:term":[{"taxonomy":"product_brand","embeddable":true,"href":"https:\/\/aromasysabores.net\/tienda\/wp-json\/wp\/v2\/product_brand?post=25761"},{"taxonomy":"product_cat","embeddable":true,"href":"https:\/\/aromasysabores.net\/tienda\/wp-json\/wp\/v2\/product_cat?post=25761"},{"taxonomy":"product_tag","embeddable":true,"href":"https:\/\/aromasysabores.net\/tienda\/wp-json\/wp\/v2\/product_tag?post=25761"}],"curies":[{"name":"wp","href":"https:\/\/api.w.org\/{rel}","templated":true}]}}