
{"id":28376,"date":"2020-12-22T06:02:51","date_gmt":"2020-12-22T06:02:51","guid":{"rendered":"https:\/\/aromasysabores.net\/tienda\/producto\/mg-crema-germinal-dia-50cc\/"},"modified":"2026-08-18T02:30:10","modified_gmt":"2026-08-18T02:30:10","slug":"mg-crema-germinal-dia-50cc","status":"publish","type":"product","link":"https:\/\/aromasysabores.net\/tienda\/producto\/mg-crema-germinal-dia-50cc\/","title":{"rendered":"MG CREMA GERMINAL DIA 50CC"},"content":{"rendered":"<p>Suave crema con el poder energ\u00e9tico de las semillas germinadas. Tiene la propiedad de hidratar en profundidad, renovar, revitalizar y proteger la piel.<\/p>\n<p>El factor de protecci\u00f3n solar 15 + UVA evita el da\u00f1o causado por la radiaci\u00f3n solar que provoca la formaci\u00f3n de radicales libres, causantes del envejecimiento prematuro de la piel.<\/p>\n<p>Es s\u00faper hidratante, ideal para pieles fr\u00e1giles, deshidratadas y fotoenvejecidas.<\/p>\n<p><strong>Composici\u00f3n:<\/strong><\/p>\n<ul>\n<li>FPS 15+ UVA<\/li>\n<li>Extractos Germinados de Glycine Max<\/li>\n<li>Extractos Germinados de Medicago Sativa<\/li>\n<\/ul>\n<p>Los extractos germinados son ricos en cumestral e isoflavonas, fitoestr\u00f3genos naturales que tienen la propiedad de renovar y proteger la piel del fotoenvejecimiento.<\/p>\n<p><strong>Acci\u00f3n:<\/strong>\u00a0Hidratante, regeneradora y protectora del fotoenvejecimiento.<\/p>\n<p><strong>Aplicaci\u00f3n:<\/strong>\u00a0Diariamente en la ma\u00f1ana con la piel limpia y tonificada, con suaves movimientos ascendentes en rostro, y descendentes en cuello y escote.<\/p>\n<p>Est\u00e1 indicada tambi\u00e9n para finalizar el tratamiento de pieles deshidratadas despu\u00e9s de una limpieza profunda en gabinete.<\/p>\n<p>Complemento ideal de la crema Germinal Noche.<\/p>\n<p><strong>Presentaci\u00f3n:<\/strong>\u00a050ml<\/p>\n","protected":false},"excerpt":{"rendered":"<p>Suave crema con el poder energ\u00e9tico de las semillas germinadas. Tiene la propiedad de hidratar en profundidad, renovar, revitalizar y proteger la piel.<\/p>\n<p>El factor de protecci\u00f3n solar 15 + UVA evita el da\u00f1o causado por la radiaci\u00f3n solar que provoca la formaci\u00f3n de radicales libres, causantes del envejecimiento prematuro de la piel.<\/p>\n<p>Es s\u00faper hidratante, ideal para pieles fr\u00e1giles, deshidratadas y fotoenvejecidas.<\/p>\n<p><strong>Composici\u00f3n:<\/strong><\/p>\n<ul>\n<li>FPS 15+ UVA<\/li>\n<li>Extractos Germinados de Glycine Max<\/li>\n<li>Extractos Germinados de Medicago Sativa<\/li>\n<\/ul>\n<p>Los extractos germinados son ricos en cumestral e isoflavonas, fitoestr\u00f3genos naturales que tienen la propiedad de renovar y proteger la piel del fotoenvejecimiento.<\/p>\n<p><strong>Acci\u00f3n:<\/strong>\u00a0Hidratante, regeneradora y protectora del fotoenvejecimiento.<\/p>\n<p><strong>Aplicaci\u00f3n:<\/strong>\u00a0Diariamente en la ma\u00f1ana con la piel limpia y tonificada, con suaves movimientos ascendentes en rostro, y descendentes en cuello y escote.<\/p>\n<p>Est\u00e1 indicada tambi\u00e9n para finalizar el tratamiento de pieles deshidratadas despu\u00e9s de una limpieza profunda en gabinete.<\/p>\n<p>Complemento ideal de la crema Germinal Noche.<\/p>\n<p><strong>Presentaci\u00f3n:<\/strong>\u00a050ml<\/p>\n","protected":false},"featured_media":29876,"template":"","meta":{"_joinchat":[]},"product_brand":[],"product_cat":[159],"product_tag":[],"class_list":["post-28376","product","type-product","status-publish","has-post-thumbnail","product_cat-estetica","first","instock","purchasable","product-type-simple"],"yoast_head":"<!-- This site is optimized with the Yoast SEO plugin v26.7 - https:\/\/yoast.com\/wordpress\/plugins\/seo\/ -->\n<title>MG CREMA GERMINAL DIA 50CC - Aromas &amp; Sabores Naturales<\/title>\n<meta name=\"robots\" content=\"index, follow, max-snippet:-1, max-image-preview:large, max-video-preview:-1\" \/>\n<link rel=\"canonical\" href=\"https:\/\/aromasysabores.net\/tienda\/producto\/mg-crema-germinal-dia-50cc\/\" \/>\n<meta property=\"og:locale\" content=\"es_ES\" \/>\n<meta property=\"og:type\" content=\"article\" \/>\n<meta property=\"og:title\" content=\"MG CREMA GERMINAL DIA 50CC - Aromas &amp; Sabores Naturales\" \/>\n<meta property=\"og:description\" content=\"Suave crema con el poder energ\u00e9tico de las semillas germinadas. Tiene la propiedad de hidratar en profundidad, renovar, revitalizar y proteger la piel.  El factor de protecci\u00f3n solar 15 + UVA evita el da\u00f1o causado por la radiaci\u00f3n solar que provoca la formaci\u00f3n de radicales libres, causantes del envejecimiento prematuro de la piel.  Es s\u00faper hidratante, ideal para pieles fr\u00e1giles, deshidratadas y fotoenvejecidas.  Composici\u00f3n:   FPS 15+ UVA  Extractos Germinados de Glycine Max  Extractos Germinados de Medicago Sativa  Los extractos germinados son ricos en cumestral e isoflavonas, fitoestr\u00f3genos naturales que tienen la propiedad de renovar y proteger la piel del fotoenvejecimiento.  Acci\u00f3n:\u00a0Hidratante, regeneradora y protectora del fotoenvejecimiento.  Aplicaci\u00f3n:\u00a0Diariamente en la ma\u00f1ana con la piel limpia y tonificada, con suaves movimientos ascendentes en rostro, y descendentes en cuello y escote.  Est\u00e1 indicada tambi\u00e9n para finalizar el tratamiento de pieles deshidratadas despu\u00e9s de una limpieza profunda en gabinete.  Complemento ideal de la crema Germinal Noche.  Presentaci\u00f3n:\u00a050ml\" \/>\n<meta property=\"og:url\" content=\"https:\/\/aromasysabores.net\/tienda\/producto\/mg-crema-germinal-dia-50cc\/\" \/>\n<meta property=\"og:site_name\" content=\"Aromas &amp; Sabores Naturales\" \/>\n<meta property=\"article:modified_time\" content=\"2026-08-18T02:30:10+00:00\" \/>\n<meta property=\"og:image\" content=\"https:\/\/aromasysabores.net\/tienda\/wp-content\/uploads\/2020\/12\/MG-CREMA-GERMINAL-DIA.jpg\" \/>\n\t<meta property=\"og:image:width\" content=\"800\" \/>\n\t<meta property=\"og:image:height\" content=\"800\" \/>\n\t<meta property=\"og:image:type\" content=\"image\/jpeg\" \/>\n<meta name=\"twitter:card\" content=\"summary_large_image\" \/>\n<meta name=\"twitter:label1\" content=\"Tiempo de lectura\" \/>\n\t<meta name=\"twitter:data1\" content=\"1 minuto\" \/>\n<script type=\"application\/ld+json\" class=\"yoast-schema-graph\">{\"@context\":\"https:\/\/schema.org\",\"@graph\":[{\"@type\":\"WebPage\",\"@id\":\"https:\/\/aromasysabores.net\/tienda\/producto\/mg-crema-germinal-dia-50cc\/\",\"url\":\"https:\/\/aromasysabores.net\/tienda\/producto\/mg-crema-germinal-dia-50cc\/\",\"name\":\"MG CREMA GERMINAL DIA 50CC - Aromas &amp; Sabores Naturales\",\"isPartOf\":{\"@id\":\"https:\/\/aromasysabores.net\/tienda\/#website\"},\"primaryImageOfPage\":{\"@id\":\"https:\/\/aromasysabores.net\/tienda\/producto\/mg-crema-germinal-dia-50cc\/#primaryimage\"},\"image\":{\"@id\":\"https:\/\/aromasysabores.net\/tienda\/producto\/mg-crema-germinal-dia-50cc\/#primaryimage\"},\"thumbnailUrl\":\"https:\/\/aromasysabores.net\/tienda\/wp-content\/uploads\/2020\/12\/MG-CREMA-GERMINAL-DIA.jpg\",\"datePublished\":\"2020-12-22T06:02:51+00:00\",\"dateModified\":\"2026-08-18T02:30:10+00:00\",\"breadcrumb\":{\"@id\":\"https:\/\/aromasysabores.net\/tienda\/producto\/mg-crema-germinal-dia-50cc\/#breadcrumb\"},\"inLanguage\":\"es\",\"potentialAction\":[{\"@type\":\"ReadAction\",\"target\":[\"https:\/\/aromasysabores.net\/tienda\/producto\/mg-crema-germinal-dia-50cc\/\"]}]},{\"@type\":\"ImageObject\",\"inLanguage\":\"es\",\"@id\":\"https:\/\/aromasysabores.net\/tienda\/producto\/mg-crema-germinal-dia-50cc\/#primaryimage\",\"url\":\"https:\/\/aromasysabores.net\/tienda\/wp-content\/uploads\/2020\/12\/MG-CREMA-GERMINAL-DIA.jpg\",\"contentUrl\":\"https:\/\/aromasysabores.net\/tienda\/wp-content\/uploads\/2020\/12\/MG-CREMA-GERMINAL-DIA.jpg\",\"width\":800,\"height\":800},{\"@type\":\"BreadcrumbList\",\"@id\":\"https:\/\/aromasysabores.net\/tienda\/producto\/mg-crema-germinal-dia-50cc\/#breadcrumb\",\"itemListElement\":[{\"@type\":\"ListItem\",\"position\":1,\"name\":\"Portada\",\"item\":\"https:\/\/aromasysabores.net\/tienda\/\"},{\"@type\":\"ListItem\",\"position\":2,\"name\":\"Tienda Natural\",\"item\":\"https:\/\/aromasysabores.net\/tienda\/\"},{\"@type\":\"ListItem\",\"position\":3,\"name\":\"MG CREMA GERMINAL DIA 50CC\"}]},{\"@type\":\"WebSite\",\"@id\":\"https:\/\/aromasysabores.net\/tienda\/#website\",\"url\":\"https:\/\/aromasysabores.net\/tienda\/\",\"name\":\"Aromas &amp; Sabores Naturales\",\"description\":\"Tienda online natural\",\"potentialAction\":[{\"@type\":\"SearchAction\",\"target\":{\"@type\":\"EntryPoint\",\"urlTemplate\":\"https:\/\/aromasysabores.net\/tienda\/?s={search_term_string}\"},\"query-input\":{\"@type\":\"PropertyValueSpecification\",\"valueRequired\":true,\"valueName\":\"search_term_string\"}}],\"inLanguage\":\"es\"}]}<\/script>\n<!-- \/ Yoast SEO plugin. -->","yoast_head_json":{"title":"MG CREMA GERMINAL DIA 50CC - Aromas &amp; Sabores Naturales","robots":{"index":"index","follow":"follow","max-snippet":"max-snippet:-1","max-image-preview":"max-image-preview:large","max-video-preview":"max-video-preview:-1"},"canonical":"https:\/\/aromasysabores.net\/tienda\/producto\/mg-crema-germinal-dia-50cc\/","og_locale":"es_ES","og_type":"article","og_title":"MG CREMA GERMINAL DIA 50CC - Aromas &amp; Sabores Naturales","og_description":"Suave crema con el poder energ\u00e9tico de las semillas germinadas. Tiene la propiedad de hidratar en profundidad, renovar, revitalizar y proteger la piel.  El factor de protecci\u00f3n solar 15 + UVA evita el da\u00f1o causado por la radiaci\u00f3n solar que provoca la formaci\u00f3n de radicales libres, causantes del envejecimiento prematuro de la piel.  Es s\u00faper hidratante, ideal para pieles fr\u00e1giles, deshidratadas y fotoenvejecidas.  Composici\u00f3n:   FPS 15+ UVA  Extractos Germinados de Glycine Max  Extractos Germinados de Medicago Sativa  Los extractos germinados son ricos en cumestral e isoflavonas, fitoestr\u00f3genos naturales que tienen la propiedad de renovar y proteger la piel del fotoenvejecimiento.  Acci\u00f3n:\u00a0Hidratante, regeneradora y protectora del fotoenvejecimiento.  Aplicaci\u00f3n:\u00a0Diariamente en la ma\u00f1ana con la piel limpia y tonificada, con suaves movimientos ascendentes en rostro, y descendentes en cuello y escote.  Est\u00e1 indicada tambi\u00e9n para finalizar el tratamiento de pieles deshidratadas despu\u00e9s de una limpieza profunda en gabinete.  Complemento ideal de la crema Germinal Noche.  Presentaci\u00f3n:\u00a050ml","og_url":"https:\/\/aromasysabores.net\/tienda\/producto\/mg-crema-germinal-dia-50cc\/","og_site_name":"Aromas &amp; Sabores Naturales","article_modified_time":"2026-08-18T02:30:10+00:00","og_image":[{"width":800,"height":800,"url":"https:\/\/aromasysabores.net\/tienda\/wp-content\/uploads\/2020\/12\/MG-CREMA-GERMINAL-DIA.jpg","type":"image\/jpeg"}],"twitter_card":"summary_large_image","twitter_misc":{"Tiempo de lectura":"1 minuto"},"schema":{"@context":"https:\/\/schema.org","@graph":[{"@type":"WebPage","@id":"https:\/\/aromasysabores.net\/tienda\/producto\/mg-crema-germinal-dia-50cc\/","url":"https:\/\/aromasysabores.net\/tienda\/producto\/mg-crema-germinal-dia-50cc\/","name":"MG CREMA GERMINAL DIA 50CC - Aromas &amp; Sabores Naturales","isPartOf":{"@id":"https:\/\/aromasysabores.net\/tienda\/#website"},"primaryImageOfPage":{"@id":"https:\/\/aromasysabores.net\/tienda\/producto\/mg-crema-germinal-dia-50cc\/#primaryimage"},"image":{"@id":"https:\/\/aromasysabores.net\/tienda\/producto\/mg-crema-germinal-dia-50cc\/#primaryimage"},"thumbnailUrl":"https:\/\/aromasysabores.net\/tienda\/wp-content\/uploads\/2020\/12\/MG-CREMA-GERMINAL-DIA.jpg","datePublished":"2020-12-22T06:02:51+00:00","dateModified":"2026-08-18T02:30:10+00:00","breadcrumb":{"@id":"https:\/\/aromasysabores.net\/tienda\/producto\/mg-crema-germinal-dia-50cc\/#breadcrumb"},"inLanguage":"es","potentialAction":[{"@type":"ReadAction","target":["https:\/\/aromasysabores.net\/tienda\/producto\/mg-crema-germinal-dia-50cc\/"]}]},{"@type":"ImageObject","inLanguage":"es","@id":"https:\/\/aromasysabores.net\/tienda\/producto\/mg-crema-germinal-dia-50cc\/#primaryimage","url":"https:\/\/aromasysabores.net\/tienda\/wp-content\/uploads\/2020\/12\/MG-CREMA-GERMINAL-DIA.jpg","contentUrl":"https:\/\/aromasysabores.net\/tienda\/wp-content\/uploads\/2020\/12\/MG-CREMA-GERMINAL-DIA.jpg","width":800,"height":800},{"@type":"BreadcrumbList","@id":"https:\/\/aromasysabores.net\/tienda\/producto\/mg-crema-germinal-dia-50cc\/#breadcrumb","itemListElement":[{"@type":"ListItem","position":1,"name":"Portada","item":"https:\/\/aromasysabores.net\/tienda\/"},{"@type":"ListItem","position":2,"name":"Tienda Natural","item":"https:\/\/aromasysabores.net\/tienda\/"},{"@type":"ListItem","position":3,"name":"MG CREMA GERMINAL DIA 50CC"}]},{"@type":"WebSite","@id":"https:\/\/aromasysabores.net\/tienda\/#website","url":"https:\/\/aromasysabores.net\/tienda\/","name":"Aromas &amp; Sabores Naturales","description":"Tienda online natural","potentialAction":[{"@type":"SearchAction","target":{"@type":"EntryPoint","urlTemplate":"https:\/\/aromasysabores.net\/tienda\/?s={search_term_string}"},"query-input":{"@type":"PropertyValueSpecification","valueRequired":true,"valueName":"search_term_string"}}],"inLanguage":"es"}]}},"_links":{"self":[{"href":"https:\/\/aromasysabores.net\/tienda\/wp-json\/wp\/v2\/product\/28376","targetHints":{"allow":["GET"]}}],"collection":[{"href":"https:\/\/aromasysabores.net\/tienda\/wp-json\/wp\/v2\/product"}],"about":[{"href":"https:\/\/aromasysabores.net\/tienda\/wp-json\/wp\/v2\/types\/product"}],"wp:featuredmedia":[{"embeddable":true,"href":"https:\/\/aromasysabores.net\/tienda\/wp-json\/wp\/v2\/media\/29876"}],"wp:attachment":[{"href":"https:\/\/aromasysabores.net\/tienda\/wp-json\/wp\/v2\/media?parent=28376"}],"wp:term":[{"taxonomy":"product_brand","embeddable":true,"href":"https:\/\/aromasysabores.net\/tienda\/wp-json\/wp\/v2\/product_brand?post=28376"},{"taxonomy":"product_cat","embeddable":true,"href":"https:\/\/aromasysabores.net\/tienda\/wp-json\/wp\/v2\/product_cat?post=28376"},{"taxonomy":"product_tag","embeddable":true,"href":"https:\/\/aromasysabores.net\/tienda\/wp-json\/wp\/v2\/product_tag?post=28376"}],"curies":[{"name":"wp","href":"https:\/\/api.w.org\/{rel}","templated":true}]}}

<p>Suave crema con el poder energético de las semillas germinadas. Tiene la propiedad de hidratar en profundidad, renovar, revitalizar y proteger la piel.</p>
<p>El factor de protección solar 15 + UVA evita el daño causado por la radiación solar que provoca la formación de radicales libres, causantes del envejecimiento prematuro de la piel.</p>
<p>Es súper hidratante, ideal para pieles frágiles, deshidratadas y fotoenvejecidas.</p>
<p><strong>Composición:</strong></p>
<ul>
<li>FPS 15+ UVA</li>
<li>Extractos Germinados de Glycine Max</li>
<li>Extractos Germinados de Medicago Sativa</li>
</ul>
<p>Los extractos germinados son ricos en cumestral e isoflavonas, fitoestrógenos naturales que tienen la propiedad de renovar y proteger la piel del fotoenvejecimiento.</p>
<p><strong>Acción:</strong> Hidratante, regeneradora y protectora del fotoenvejecimiento.</p>
<p><strong>Aplicación:</strong> Diariamente en la mañana con la piel limpia y tonificada, con suaves movimientos ascendentes en rostro, y descendentes en cuello y escote.</p>
<p>Está indicada también para finalizar el tratamiento de pieles deshidratadas después de una limpieza profunda en gabinete.</p>
<p>Complemento ideal de la crema Germinal Noche.</p>
<p><strong>Presentación:</strong> 50ml</p>

<!-- This site is optimized with the Yoast SEO plugin v26.7 - https://yoast.com/wordpress/plugins/seo/ -->
<title>MG CREMA GERMINAL DIA 50CC - Aromas &amp; Sabores Naturales</title>
<meta name="robots" content="index, follow, max-snippet:-1, max-image-preview:large, max-video-preview:-1" />
<link rel="canonical" href="https://aromasysabores.net/tienda/producto/mg-crema-germinal-dia-50cc/" />
<meta property="og:locale" content="es_ES" />
<meta property="og:type" content="article" />
<meta property="og:title" content="MG CREMA GERMINAL DIA 50CC - Aromas &amp; Sabores Naturales" />
<meta property="og:description" content="Suave crema con el poder energético de las semillas germinadas. Tiene la propiedad de hidratar en profundidad, renovar, revitalizar y proteger la piel.  El factor de protección solar 15 + UVA evita el daño causado por la radiación solar que provoca la formación de radicales libres, causantes del envejecimiento prematuro de la piel.  Es súper hidratante, ideal para pieles frágiles, deshidratadas y fotoenvejecidas.  Composición:   FPS 15+ UVA  Extractos Germinados de Glycine Max  Extractos Germinados de Medicago Sativa  Los extractos germinados son ricos en cumestral e isoflavonas, fitoestrógenos naturales que tienen la propiedad de renovar y proteger la piel del fotoenvejecimiento.  Acción: Hidratante, regeneradora y protectora del fotoenvejecimiento.  Aplicación: Diariamente en la mañana con la piel limpia y tonificada, con suaves movimientos ascendentes en rostro, y descendentes en cuello y escote.  Está indicada también para finalizar el tratamiento de pieles deshidratadas después de una limpieza profunda en gabinete.  Complemento ideal de la crema Germinal Noche.  Presentación: 50ml" />
<meta property="og:url" content="https://aromasysabores.net/tienda/producto/mg-crema-germinal-dia-50cc/" />
<meta property="og:site_name" content="Aromas &amp; Sabores Naturales" />
<meta property="article:modified_time" content="2026-08-18T02:30:10+00:00" />
<meta property="og:image" content="https://aromasysabores.net/tienda/wp-content/uploads/2020/12/MG-CREMA-GERMINAL-DIA.jpg" />
	<meta property="og:image:width" content="800" />
	<meta property="og:image:height" content="800" />
	<meta property="og:image:type" content="image/jpeg" />
<meta name="twitter:card" content="summary_large_image" />
<meta name="twitter:label1" content="Tiempo de lectura" />
	<meta name="twitter:data1" content="1 minuto" />
<script type="application/ld+json" class="yoast-schema-graph">{"@context":"https://schema.org","@graph":[{"@type":"WebPage","@id":"https://aromasysabores.net/tienda/producto/mg-crema-germinal-dia-50cc/","url":"https://aromasysabores.net/tienda/producto/mg-crema-germinal-dia-50cc/","name":"MG CREMA GERMINAL DIA 50CC - Aromas &amp; Sabores Naturales","isPartOf":{"@id":"https://aromasysabores.net/tienda/#website"},"primaryImageOfPage":{"@id":"https://aromasysabores.net/tienda/producto/mg-crema-germinal-dia-50cc/#primaryimage"},"image":{"@id":"https://aromasysabores.net/tienda/producto/mg-crema-germinal-dia-50cc/#primaryimage"},"thumbnailUrl":"https://aromasysabores.net/tienda/wp-content/uploads/2020/12/MG-CREMA-GERMINAL-DIA.jpg","datePublished":"2020-12-22T06:02:51+00:00","dateModified":"2026-08-18T02:30:10+00:00","breadcrumb":{"@id":"https://aromasysabores.net/tienda/producto/mg-crema-germinal-dia-50cc/#breadcrumb"},"inLanguage":"es","potentialAction":[{"@type":"ReadAction","target":["https://aromasysabores.net/tienda/producto/mg-crema-germinal-dia-50cc/"]}]},{"@type":"ImageObject","inLanguage":"es","@id":"https://aromasysabores.net/tienda/producto/mg-crema-germinal-dia-50cc/#primaryimage","url":"https://aromasysabores.net/tienda/wp-content/uploads/2020/12/MG-CREMA-GERMINAL-DIA.jpg","contentUrl":"https://aromasysabores.net/tienda/wp-content/uploads/2020/12/MG-CREMA-GERMINAL-DIA.jpg","width":800,"height":800},{"@type":"BreadcrumbList","@id":"https://aromasysabores.net/tienda/producto/mg-crema-germinal-dia-50cc/#breadcrumb","itemListElement":[{"@type":"ListItem","position":1,"name":"Portada","item":"https://aromasysabores.net/tienda/"},{"@type":"ListItem","position":2,"name":"Tienda Natural","item":"https://aromasysabores.net/tienda/"},{"@type":"ListItem","position":3,"name":"MG CREMA GERMINAL DIA 50CC"}]},{"@type":"WebSite","@id":"https://aromasysabores.net/tienda/#website","url":"https://aromasysabores.net/tienda/","name":"Aromas &amp; Sabores Naturales","description":"Tienda online natural","potentialAction":[{"@type":"SearchAction","target":{"@type":"EntryPoint","urlTemplate":"https://aromasysabores.net/tienda/?s={search_term_string}"},"query-input":{"@type":"PropertyValueSpecification","valueRequired":true,"valueName":"search_term_string"}}],"inLanguage":"es"}]}</script>
<!-- / Yoast SEO plugin. -->

Suave crema con el poder energético de las semillas germinadas. Tiene la propiedad de hidratar en profundidad, renovar, revitalizar y proteger la piel.  El factor de protección solar 15 + UVA evita el daño causado por la radiación solar que provoca la formación de radicales libres, causantes del envejecimiento prematuro de la piel.  Es súper hidratante, ideal para pieles frágiles, deshidratadas y fotoenvejecidas.  Composición:   FPS 15+ UVA  Extractos Germinados de Glycine Max  Extractos Germinados de Medicago Sativa  Los extractos germinados son ricos en cumestral e isoflavonas, fitoestrógenos naturales que tienen la propiedad de renovar y proteger la piel del fotoenvejecimiento.  Acción: Hidratante, regeneradora y protectora del fotoenvejecimiento.  Aplicación: Diariamente en la mañana con la piel limpia y tonificada, con suaves movimientos ascendentes en rostro, y descendentes en cuello y escote.  Está indicada también para finalizar el tratamiento de pieles deshidratadas después de una limpieza profunda en gabinete.  Complemento ideal de la crema Germinal Noche.  Presentación: 50ml
