
{"id":28411,"date":"2020-12-22T06:02:54","date_gmt":"2020-12-22T06:02:54","guid":{"rendered":"https:\/\/aromasysabores.net\/tienda\/producto\/mg-hidratante-aloe-manzanilla-250cc\/"},"modified":"2026-03-16T18:21:12","modified_gmt":"2026-03-16T18:21:12","slug":"mg-hidratante-aloe-manzanilla-250cc","status":"publish","type":"product","link":"https:\/\/aromasysabores.net\/tienda\/producto\/mg-hidratante-aloe-manzanilla-250cc\/","title":{"rendered":"MG HIDRATANTE ALOE MANZANILLA 250CC"},"content":{"rendered":"","protected":false},"excerpt":{"rendered":"<p><strong>Renovador y revitalizante.<\/strong><\/p>\n<p>Emulsi\u00f3n\u00a0ligera de excelente penetraci\u00f3n que hidrata, calma, regenera y refresca la piel despu\u00e9s de la exposici\u00f3n al sol y luego de la depilaci\u00f3n. Adem\u00e1s tiene un efecto renovador y revitalizante sobre la piel.<\/p>\n<p>Tiene extractos de Aloe Vera y Manzanilla, lo que permite una hidrataci\u00f3n profunda, ideal para pieles sensibles o con problemas de ros\u00e1cea. El Aloe Vera act\u00faa hidratando pero tambi\u00e9n calmando.<\/p>\n<p><strong>Composici\u00f3n:\u00a0<\/strong>Extracto de Aloe Vera, Aceite Esencial de Manzanilla, Vitamina A, Vitamina E y Col\u00e1geno.<\/p>\n<p><strong>Aplicaci\u00f3n:\u00a0<\/strong>Diariamente despu\u00e9s de la ducha. No deja residuo graso, lo que permite vestirse de inmediato sin manchar la ropa.<\/p>\n<p>Recomendamos usar\u00a0tambi\u00e9n\u00a0luego de haber tomado sol o para mantener el bronceado, evitando que la piel se descame.<\/p>\n<p>Ideal para despu\u00e9s del depilado para calmar el dolor y la irritaci\u00f3n.<\/p>\n<p><strong>Presentaci\u00f3n:<\/strong>\u00a0250cc<\/p>\n","protected":false},"featured_media":29845,"template":"","meta":{"_joinchat":[]},"product_brand":[],"product_cat":[159],"product_tag":[],"class_list":{"0":"post-28411","1":"product","2":"type-product","3":"status-publish","4":"has-post-thumbnail","6":"product_cat-estetica","8":"first","9":"instock","10":"purchasable","11":"product-type-simple"},"yoast_head":"<!-- This site is optimized with the Yoast SEO plugin v26.7 - https:\/\/yoast.com\/wordpress\/plugins\/seo\/ -->\n<title>MG HIDRATANTE ALOE MANZANILLA 250CC - Aromas &amp; Sabores Naturales<\/title>\n<meta name=\"robots\" content=\"index, follow, max-snippet:-1, max-image-preview:large, max-video-preview:-1\" \/>\n<link rel=\"canonical\" href=\"https:\/\/aromasysabores.net\/tienda\/producto\/mg-hidratante-aloe-manzanilla-250cc\/\" \/>\n<meta property=\"og:locale\" content=\"es_ES\" \/>\n<meta property=\"og:type\" content=\"article\" \/>\n<meta property=\"og:title\" content=\"MG HIDRATANTE ALOE MANZANILLA 250CC - Aromas &amp; Sabores Naturales\" \/>\n<meta property=\"og:description\" content=\"Renovador y revitalizante.  Emulsi\u00f3n\u00a0ligera de excelente penetraci\u00f3n que hidrata, calma, regenera y refresca la piel despu\u00e9s de la exposici\u00f3n al sol y luego de la depilaci\u00f3n. Adem\u00e1s tiene un efecto renovador y revitalizante sobre la piel.  Tiene extractos de Aloe Vera y Manzanilla, lo que permite una hidrataci\u00f3n profunda, ideal para pieles sensibles o con problemas de ros\u00e1cea. El Aloe Vera act\u00faa hidratando pero tambi\u00e9n calmando.  Composici\u00f3n:\u00a0Extracto de Aloe Vera, Aceite Esencial de Manzanilla, Vitamina A, Vitamina E y Col\u00e1geno.  Aplicaci\u00f3n:\u00a0Diariamente despu\u00e9s de la ducha. No deja residuo graso, lo que permite vestirse de inmediato sin manchar la ropa.  Recomendamos usar\u00a0tambi\u00e9n\u00a0luego de haber tomado sol o para mantener el bronceado, evitando que la piel se descame.  Ideal para despu\u00e9s del depilado para calmar el dolor y la irritaci\u00f3n.  Presentaci\u00f3n:\u00a0250cc\" \/>\n<meta property=\"og:url\" content=\"https:\/\/aromasysabores.net\/tienda\/producto\/mg-hidratante-aloe-manzanilla-250cc\/\" \/>\n<meta property=\"og:site_name\" content=\"Aromas &amp; Sabores Naturales\" \/>\n<meta property=\"article:modified_time\" content=\"2026-03-16T18:21:12+00:00\" \/>\n<meta property=\"og:image\" content=\"https:\/\/aromasysabores.net\/tienda\/wp-content\/uploads\/2020\/12\/MG-HIDRATANTE-ALOE-MANZANILLA-250CC.jpg\" \/>\n\t<meta property=\"og:image:width\" content=\"800\" \/>\n\t<meta property=\"og:image:height\" content=\"800\" \/>\n\t<meta property=\"og:image:type\" content=\"image\/jpeg\" \/>\n<meta name=\"twitter:card\" content=\"summary_large_image\" \/>\n<script type=\"application\/ld+json\" class=\"yoast-schema-graph\">{\"@context\":\"https:\/\/schema.org\",\"@graph\":[{\"@type\":\"WebPage\",\"@id\":\"https:\/\/aromasysabores.net\/tienda\/producto\/mg-hidratante-aloe-manzanilla-250cc\/\",\"url\":\"https:\/\/aromasysabores.net\/tienda\/producto\/mg-hidratante-aloe-manzanilla-250cc\/\",\"name\":\"MG HIDRATANTE ALOE MANZANILLA 250CC - Aromas &amp; Sabores Naturales\",\"isPartOf\":{\"@id\":\"https:\/\/aromasysabores.net\/tienda\/#website\"},\"primaryImageOfPage\":{\"@id\":\"https:\/\/aromasysabores.net\/tienda\/producto\/mg-hidratante-aloe-manzanilla-250cc\/#primaryimage\"},\"image\":{\"@id\":\"https:\/\/aromasysabores.net\/tienda\/producto\/mg-hidratante-aloe-manzanilla-250cc\/#primaryimage\"},\"thumbnailUrl\":\"https:\/\/aromasysabores.net\/tienda\/wp-content\/uploads\/2020\/12\/MG-HIDRATANTE-ALOE-MANZANILLA-250CC.jpg\",\"datePublished\":\"2020-12-22T06:02:54+00:00\",\"dateModified\":\"2026-03-16T18:21:12+00:00\",\"breadcrumb\":{\"@id\":\"https:\/\/aromasysabores.net\/tienda\/producto\/mg-hidratante-aloe-manzanilla-250cc\/#breadcrumb\"},\"inLanguage\":\"es\",\"potentialAction\":[{\"@type\":\"ReadAction\",\"target\":[\"https:\/\/aromasysabores.net\/tienda\/producto\/mg-hidratante-aloe-manzanilla-250cc\/\"]}]},{\"@type\":\"ImageObject\",\"inLanguage\":\"es\",\"@id\":\"https:\/\/aromasysabores.net\/tienda\/producto\/mg-hidratante-aloe-manzanilla-250cc\/#primaryimage\",\"url\":\"https:\/\/aromasysabores.net\/tienda\/wp-content\/uploads\/2020\/12\/MG-HIDRATANTE-ALOE-MANZANILLA-250CC.jpg\",\"contentUrl\":\"https:\/\/aromasysabores.net\/tienda\/wp-content\/uploads\/2020\/12\/MG-HIDRATANTE-ALOE-MANZANILLA-250CC.jpg\",\"width\":800,\"height\":800},{\"@type\":\"BreadcrumbList\",\"@id\":\"https:\/\/aromasysabores.net\/tienda\/producto\/mg-hidratante-aloe-manzanilla-250cc\/#breadcrumb\",\"itemListElement\":[{\"@type\":\"ListItem\",\"position\":1,\"name\":\"Portada\",\"item\":\"https:\/\/aromasysabores.net\/tienda\/\"},{\"@type\":\"ListItem\",\"position\":2,\"name\":\"Tienda Natural\",\"item\":\"https:\/\/aromasysabores.net\/tienda\/\"},{\"@type\":\"ListItem\",\"position\":3,\"name\":\"MG HIDRATANTE ALOE MANZANILLA 250CC\"}]},{\"@type\":\"WebSite\",\"@id\":\"https:\/\/aromasysabores.net\/tienda\/#website\",\"url\":\"https:\/\/aromasysabores.net\/tienda\/\",\"name\":\"Aromas &amp; Sabores Naturales\",\"description\":\"Tienda online natural\",\"potentialAction\":[{\"@type\":\"SearchAction\",\"target\":{\"@type\":\"EntryPoint\",\"urlTemplate\":\"https:\/\/aromasysabores.net\/tienda\/?s={search_term_string}\"},\"query-input\":{\"@type\":\"PropertyValueSpecification\",\"valueRequired\":true,\"valueName\":\"search_term_string\"}}],\"inLanguage\":\"es\"}]}<\/script>\n<!-- \/ Yoast SEO plugin. -->","yoast_head_json":{"title":"MG HIDRATANTE ALOE MANZANILLA 250CC - Aromas &amp; Sabores Naturales","robots":{"index":"index","follow":"follow","max-snippet":"max-snippet:-1","max-image-preview":"max-image-preview:large","max-video-preview":"max-video-preview:-1"},"canonical":"https:\/\/aromasysabores.net\/tienda\/producto\/mg-hidratante-aloe-manzanilla-250cc\/","og_locale":"es_ES","og_type":"article","og_title":"MG HIDRATANTE ALOE MANZANILLA 250CC - Aromas &amp; Sabores Naturales","og_description":"Renovador y revitalizante.  Emulsi\u00f3n\u00a0ligera de excelente penetraci\u00f3n que hidrata, calma, regenera y refresca la piel despu\u00e9s de la exposici\u00f3n al sol y luego de la depilaci\u00f3n. Adem\u00e1s tiene un efecto renovador y revitalizante sobre la piel.  Tiene extractos de Aloe Vera y Manzanilla, lo que permite una hidrataci\u00f3n profunda, ideal para pieles sensibles o con problemas de ros\u00e1cea. El Aloe Vera act\u00faa hidratando pero tambi\u00e9n calmando.  Composici\u00f3n:\u00a0Extracto de Aloe Vera, Aceite Esencial de Manzanilla, Vitamina A, Vitamina E y Col\u00e1geno.  Aplicaci\u00f3n:\u00a0Diariamente despu\u00e9s de la ducha. No deja residuo graso, lo que permite vestirse de inmediato sin manchar la ropa.  Recomendamos usar\u00a0tambi\u00e9n\u00a0luego de haber tomado sol o para mantener el bronceado, evitando que la piel se descame.  Ideal para despu\u00e9s del depilado para calmar el dolor y la irritaci\u00f3n.  Presentaci\u00f3n:\u00a0250cc","og_url":"https:\/\/aromasysabores.net\/tienda\/producto\/mg-hidratante-aloe-manzanilla-250cc\/","og_site_name":"Aromas &amp; Sabores Naturales","article_modified_time":"2026-03-16T18:21:12+00:00","og_image":[{"width":800,"height":800,"url":"https:\/\/aromasysabores.net\/tienda\/wp-content\/uploads\/2020\/12\/MG-HIDRATANTE-ALOE-MANZANILLA-250CC.jpg","type":"image\/jpeg"}],"twitter_card":"summary_large_image","schema":{"@context":"https:\/\/schema.org","@graph":[{"@type":"WebPage","@id":"https:\/\/aromasysabores.net\/tienda\/producto\/mg-hidratante-aloe-manzanilla-250cc\/","url":"https:\/\/aromasysabores.net\/tienda\/producto\/mg-hidratante-aloe-manzanilla-250cc\/","name":"MG HIDRATANTE ALOE MANZANILLA 250CC - Aromas &amp; Sabores Naturales","isPartOf":{"@id":"https:\/\/aromasysabores.net\/tienda\/#website"},"primaryImageOfPage":{"@id":"https:\/\/aromasysabores.net\/tienda\/producto\/mg-hidratante-aloe-manzanilla-250cc\/#primaryimage"},"image":{"@id":"https:\/\/aromasysabores.net\/tienda\/producto\/mg-hidratante-aloe-manzanilla-250cc\/#primaryimage"},"thumbnailUrl":"https:\/\/aromasysabores.net\/tienda\/wp-content\/uploads\/2020\/12\/MG-HIDRATANTE-ALOE-MANZANILLA-250CC.jpg","datePublished":"2020-12-22T06:02:54+00:00","dateModified":"2026-03-16T18:21:12+00:00","breadcrumb":{"@id":"https:\/\/aromasysabores.net\/tienda\/producto\/mg-hidratante-aloe-manzanilla-250cc\/#breadcrumb"},"inLanguage":"es","potentialAction":[{"@type":"ReadAction","target":["https:\/\/aromasysabores.net\/tienda\/producto\/mg-hidratante-aloe-manzanilla-250cc\/"]}]},{"@type":"ImageObject","inLanguage":"es","@id":"https:\/\/aromasysabores.net\/tienda\/producto\/mg-hidratante-aloe-manzanilla-250cc\/#primaryimage","url":"https:\/\/aromasysabores.net\/tienda\/wp-content\/uploads\/2020\/12\/MG-HIDRATANTE-ALOE-MANZANILLA-250CC.jpg","contentUrl":"https:\/\/aromasysabores.net\/tienda\/wp-content\/uploads\/2020\/12\/MG-HIDRATANTE-ALOE-MANZANILLA-250CC.jpg","width":800,"height":800},{"@type":"BreadcrumbList","@id":"https:\/\/aromasysabores.net\/tienda\/producto\/mg-hidratante-aloe-manzanilla-250cc\/#breadcrumb","itemListElement":[{"@type":"ListItem","position":1,"name":"Portada","item":"https:\/\/aromasysabores.net\/tienda\/"},{"@type":"ListItem","position":2,"name":"Tienda Natural","item":"https:\/\/aromasysabores.net\/tienda\/"},{"@type":"ListItem","position":3,"name":"MG HIDRATANTE ALOE MANZANILLA 250CC"}]},{"@type":"WebSite","@id":"https:\/\/aromasysabores.net\/tienda\/#website","url":"https:\/\/aromasysabores.net\/tienda\/","name":"Aromas &amp; Sabores Naturales","description":"Tienda online natural","potentialAction":[{"@type":"SearchAction","target":{"@type":"EntryPoint","urlTemplate":"https:\/\/aromasysabores.net\/tienda\/?s={search_term_string}"},"query-input":{"@type":"PropertyValueSpecification","valueRequired":true,"valueName":"search_term_string"}}],"inLanguage":"es"}]}},"_links":{"self":[{"href":"https:\/\/aromasysabores.net\/tienda\/wp-json\/wp\/v2\/product\/28411","targetHints":{"allow":["GET"]}}],"collection":[{"href":"https:\/\/aromasysabores.net\/tienda\/wp-json\/wp\/v2\/product"}],"about":[{"href":"https:\/\/aromasysabores.net\/tienda\/wp-json\/wp\/v2\/types\/product"}],"wp:featuredmedia":[{"embeddable":true,"href":"https:\/\/aromasysabores.net\/tienda\/wp-json\/wp\/v2\/media\/29845"}],"wp:attachment":[{"href":"https:\/\/aromasysabores.net\/tienda\/wp-json\/wp\/v2\/media?parent=28411"}],"wp:term":[{"taxonomy":"product_brand","embeddable":true,"href":"https:\/\/aromasysabores.net\/tienda\/wp-json\/wp\/v2\/product_brand?post=28411"},{"taxonomy":"product_cat","embeddable":true,"href":"https:\/\/aromasysabores.net\/tienda\/wp-json\/wp\/v2\/product_cat?post=28411"},{"taxonomy":"product_tag","embeddable":true,"href":"https:\/\/aromasysabores.net\/tienda\/wp-json\/wp\/v2\/product_tag?post=28411"}],"curies":[{"name":"wp","href":"https:\/\/api.w.org\/{rel}","templated":true}]}}